991
What are the prime factors of 5217312?
2, 3, 54347
List the prime factors of 1417334.
2, 708667
List the prime factors of 15928991.
13, 53, 61, 379
What are the prime factors of 9337883?
521, 17923
What are the prime factors of 1107524?
2, 11, 25171
What are the prime factors of 11042283?
3, 7, 191, 2753
What are the prime factors of 2445599?
13, 29, 499
List the prime factors of 2037883.
19, 283, 379
List the prime factors of 15100262.
2, 7550131
What are the prime factors of 18958846?
2, 19, 71, 7027
What are the prime factors of 989648?
2, 11, 5623
What are the prime factors of 450152?
2, 56269
What are the prime factors of 505887?
3, 168629
What are the prime factors of 352620?
2, 3, 5, 653
List the prime factors of 198176.
2, 11, 563
What are the prime factors of 5076097?
13, 19, 20551
What are the prime factors of 2494589?
2494589
What are the prime factors of 701545?
5, 13, 43, 251
List the prime factors of 160155.
3, 5, 3559
List the prime factors of 364333.
364333
What are the prime factors of 8797124?
2, 7, 41, 79, 97
What are the prime factors of 64041?
3, 21347
List the prime factors of 5558489.
5558489
What are the prime factors of 144195?
3, 5, 9613
What are the prime factors of 9766025?
5, 113, 3457
What are the prime factors of 5276893?
653, 8081
What are the prime factors of 1493535?
3, 5, 17, 5857
List the prime factors of 2672692.
2, 11, 19, 23, 139
What are the prime factors of 79030?
2, 5, 7, 1129
List the prime factors of 314839.
7, 41, 1097
What are the prime factors of 6498980?
2, 5, 324949
What are the prime factors of 141498?
2, 3, 7, 1123
What are the prime factors of 124974?
2, 3, 53, 131
What are the prime factors of 7664560?
2, 5, 149, 643
List the prime factors of 26267.
26267
What are the prime factors of 1962159?
3, 654053
List the prime factors of 1237937.
211, 5867
List the prime factors of 31205123.
1409, 22147
List the prime factors of 116258.
2, 58129
List the prime factors of 556914.
2, 3, 101, 919
What are the prime factors of 1188904?
2, 353, 421
What are the prime factors of 3115253?
3115253
What are the prime factors of 624870?
2, 3, 5, 53, 131
What are the prime factors of 3984383?
13, 306491
List the prime factors of 52445.
5, 17, 617
List the prime factors of 372226.
2, 186113
What are the prime factors of 1786?
2, 19, 47
List the prime factors of 2229355.
5, 445871
What are the prime factors of 318140?
2, 5, 15907
List the prime factors of 227115.
3, 5, 7, 103
What are the prime factors of 8239973?
7, 29, 40591
What are the prime factors of 248497?
43, 5779
What are the prime factors of 1543468?
2, 83, 4649
List the prime factors of 410675.
5, 16427
List the prime factors of 683383.
17, 61, 659
What are the prime factors of 1861351?
1861351
What are the prime factors of 473821?
659, 719
List the prime factors of 20157963.
3, 7, 241, 569
List the prime factors of 434983.
251, 1733
List the prime factors of 124448.
2, 3889
What are the prime factors of 3402421?
11, 309311
What are the prime factors of 986033?
23, 43, 997
What are the prime factors of 5647996?
2, 41, 34439
What are the prime factors of 5251136?
2, 11, 7459
What are the prime factors of 124539?
3, 41513
List the prime factors of 5899.
17, 347
What are the prime factors of 317791?
23, 41, 337
List the prime factors of 1070739.
3, 13219
What are the prime factors of 2031043?
7, 19, 15271
What are the prime factors of 23016169?
11, 23, 29, 3137
What are the prime factors of 19718892?
2, 3, 547747
What are the prime factors of 6444012?
2, 3, 537001
What are the prime factors of 16436444?
2, 19, 23, 9403
List the prime factors of 378726.
2, 3, 17, 47, 79
List the prime factors of 3539500.
2, 5, 7079
What are the prime factors of 1774608?
2, 3, 11, 3361
List the prime factors of 94103.
139, 677
List the prime factors of 290449.
127, 2287
List the prime factors of 526671.
3, 139, 421
What are the prime factors of 455362?
2, 17, 59, 227
List the prime factors of 1700971.
1187, 1433
List the prime factors of 10882327.
10882327
What are the prime factors of 600790?
2, 5, 73, 823
List the prime factors of 9187693.
29, 316817
What are the prime factors of 6162903?
3, 684767
What are the prime factors of 3817486?
2, 17, 112279
What are the prime factors of 10789798?
2, 17, 29, 31, 353
What are the prime factors of 2194014?
2, 3, 365669
List the prime factors of 4058448.
2, 3, 84551
What are the prime factors of 8169125?
5, 65353
What are the prime factors of 14871637?
11, 1351967
What are the prime factors of 138731?
138731
List the prime factors of 1535760.
2, 3, 5, 79
List the prime factors of 258507.
3, 28723
List the prime factors of 20620.
2, 5, 1031
List the prime factors of 708927.
3, 67, 3527
What are the prime factors of 703301?
703301
What are the prime factors of 268531?
268531
What are the prime factors of 4164696?
2, 3, 6427
What are the prime factors of 6548353?
7, 23, 89, 457
What are the prime factors of 3759895?
5, 179, 4201
List the prime factors of 22908513.
3, 37, 206383
What are the prime factors of 10614870?
2, 3, 5, 7, 29, 83
List the prime factors of 15717977.
11, 97, 14731
What are the prime factors of 4473825?
3, 5, 59651
List the prime factors of 1671033.
3, 7, 13, 6121
List the prime factors of 1204018.
2, 61, 71, 139
What are the prime factors of 13156963?
17, 773939
List the prime factors of 3390254.
2, 7, 242161
List the prime factors of 86418.
2, 3, 4801
What are the prime factors of 3397829?
3397829
List the prime factors of 1825076.
2, 11, 41479
List the prime factors of 2751326.
2, 283, 4861
List the prime factors of 66058.
2, 33029
List the prime factors of 1168779.
3, 317, 1229
What are the prime factors of 435318?
2, 3, 13, 5581
What are the prime factors of 128276?
2, 32069
What are the prime factors of 11565281?
7, 13, 19, 6689
What are the prime factors of 2175009?
3, 41, 17683
List the prime factors of 1053858.
2, 3, 13, 59, 229
What are the prime factors of 7985409?
3, 479, 5557
List the prime factors of 1653037.
47, 35171
What are the prime factors of 1791949?
131, 13679
What are the prime factors of 477571?
477571
List the prime factors of 195192.
2, 3, 2711
What are the prime factors of 189991?
313, 607
List the prime factors of 741217.
17, 59, 739
List the prime factors of 3501567.
3, 19, 20477
What are the prime factors of 235416?
2, 3, 17, 577
List the prime factors of 2093874.
2, 3, 23, 15173
What are the prime factors of 30409567?
30409567
What are the prime factors of 256480?
2, 5, 7, 229
What are the prime factors of 1771348?
2, 442837
List the prime factors of 320893.
107, 2999
List the prime factors of 66160.
2, 5, 827
What are the prime factors of 25172009?
25172009
What are the prime factors of 10779521?
10779521
What are the prime factors of 107885?
5, 21577
What are the prime factors of 381015?
3, 5, 8467
What are the prime factors of 113926?
2, 56963
List the prime factors of 208363.
101, 2063
List the prime factors of 1936925.
5, 77477
List the prime factors of 2135379.
3, 711793
List the prime factors of 4192.
2, 131
List the prime factors of 306419.
306419
What are the prime factors of 1042011?
3, 38593
List the prime factors of 25474380.
2, 3, 5, 424573
List the prime factors of 1124881.
29, 79, 491
What are the prime factors of 1293831?
3, 7, 11, 1867
What are the prime factors of 489213?
3, 18119
What are the prime factors of 671725?
5, 97, 277
List the prime factors of 9849325.
5, 79, 4987
What are the prime factors of 946730?
2, 5, 17, 5569
List the prime factors of 6360628.
2, 29, 54833
List the prime factors of 912388.
2, 228097
What are the prime factors of 38022?
2, 3, 6337
What are the prime factors of 3503153?
23, 152311
List the prime factors of 595097.
595097
What are the prime factors of 3281495?
5, 7, 29, 53, 61
What are the prime factors of 5332987?
11, 23, 107, 197
What are the prime factors of 188798?
2, 94399
What are the prime factors of 1155654?
2, 3, 21401
List the prime factors of 6940175.
5, 11, 25237
List the prime factors of 51178.
2, 25589
List the prime factors of 19272676.
2, 4818169
What are the prime factors of 971103?
3, 7, 131, 353
List the prime factors of 257643.
3, 28627
What are the prime factors of 2438767?
2438767
What are the prime facto